{"id":1284,"date":"2023-06-25T13:55:10","date_gmt":"2023-06-25T12:55:10","guid":{"rendered":"https:\/\/lldm.loicdvch.fr\/?page_id=1284"},"modified":"2023-07-24T19:54:43","modified_gmt":"2023-07-24T17:54:43","slug":"boutique","status":"publish","type":"page","link":"https:\/\/www.leslocationsdumarais.fr\/index.php\/boutique\/","title":{"rendered":"Boutique"},"content":{"rendered":"\n<div style=\"height:25px\" aria-hidden=\"true\" class=\"wp-block-spacer\"><\/div>\n\n\n\n<div class=\"wp-block-cover alignfull is-light has-x-large-font-size\"><span aria-hidden=\"true\" class=\"wp-block-cover__background has-black-background-color has-background-dim-20 has-background-dim\"><\/span><img loading=\"lazy\" decoding=\"async\" width=\"2560\" height=\"1440\" class=\"wp-block-cover__image-background wp-image-498\" alt=\"\" src=\"https:\/\/www.leslocationsdumarais.fr\/wp-content\/uploads\/2023\/04\/header-scaled-1.jpg\" style=\"object-position:50% 50%\" data-object-fit=\"cover\" data-object-position=\"50% 50%\" srcset=\"https:\/\/www.leslocationsdumarais.fr\/wp-content\/uploads\/2023\/04\/header-scaled-1.jpg 2560w, https:\/\/www.leslocationsdumarais.fr\/wp-content\/uploads\/2023\/04\/header-scaled-1-600x338.jpg 600w, https:\/\/www.leslocationsdumarais.fr\/wp-content\/uploads\/2023\/04\/header-scaled-1-300x169.jpg 300w, https:\/\/www.leslocationsdumarais.fr\/wp-content\/uploads\/2023\/04\/header-scaled-1-1024x576.jpg 1024w, https:\/\/www.leslocationsdumarais.fr\/wp-content\/uploads\/2023\/04\/header-scaled-1-768x432.jpg 768w, https:\/\/www.leslocationsdumarais.fr\/wp-content\/uploads\/2023\/04\/header-scaled-1-1536x864.jpg 1536w, https:\/\/www.leslocationsdumarais.fr\/wp-content\/uploads\/2023\/04\/header-scaled-1-2048x1152.jpg 2048w\" sizes=\"auto, (max-width: 2560px) 100vw, 2560px\" \/><div class=\"wp-block-cover__inner-container is-layout-flow wp-block-cover-is-layout-flow\">\n<h2 class=\"wp-block-heading has-text-align-center has-white-color has-text-color\" style=\"font-size:24px;font-style:normal;font-weight:800;letter-spacing:5px;text-transform:uppercase\">Boutique<\/h2>\n<\/div><\/div>\n\n\n\n<div style=\"height:25px\" aria-hidden=\"true\" class=\"wp-block-spacer\"><\/div>\n\n\n<div class=\"woocommerce columns-4 \"><ul class=\"products columns-4\">\n<li class=\"product type-product post-1609 status-publish first instock product_cat-vae product_cat-vtc has-post-thumbnail shipping-taxable purchasable product-type-variable\">\n\t<a href=\"https:\/\/www.leslocationsdumarais.fr\/index.php\/produit\/vtc-electrique\/\" class=\"woocommerce-LoopProduct-link woocommerce-loop-product__link\"><div class=\"archive-img-wrap\"><img loading=\"lazy\" decoding=\"async\" width=\"300\" height=\"300\" src=\"https:\/\/www.leslocationsdumarais.fr\/wp-content\/uploads\/2023\/06\/vtc_vae_1-300x300.png\" class=\"attachment-woocommerce_thumbnail size-woocommerce_thumbnail\" alt=\"VTC \u00e9lectrique\" srcset=\"https:\/\/www.leslocationsdumarais.fr\/wp-content\/uploads\/2023\/06\/vtc_vae_1-300x300.png 300w, https:\/\/www.leslocationsdumarais.fr\/wp-content\/uploads\/2023\/06\/vtc_vae_1-100x100.png 100w, https:\/\/www.leslocationsdumarais.fr\/wp-content\/uploads\/2023\/06\/vtc_vae_1-150x150.png 150w\" sizes=\"auto, (max-width: 300px) 100vw, 300px\" \/><\/div><h2 class=\"woocommerce-loop-product__title\">VTC \u00e9lectrique<\/h2>\n\t<span class=\"price\"><span class=\"woocommerce-Price-amount amount\" aria-hidden=\"true\"><bdi>25,00&nbsp;<span class=\"woocommerce-Price-currencySymbol\">&euro;<\/span><\/bdi><\/span> <span aria-hidden=\"true\">\u00a0\u2013\u00a0<\/span> <span class=\"woocommerce-Price-amount amount\" aria-hidden=\"true\"><bdi>30,00&nbsp;<span class=\"woocommerce-Price-currencySymbol\">&euro;<\/span><\/bdi><\/span><span class=\"screen-reader-text\">Plage de prix\u00a0: 25,00&nbsp;&euro; \u00e0 30,00&nbsp;&euro;<\/span><\/span>\n<\/a><a href=\"https:\/\/www.leslocationsdumarais.fr\/index.php\/produit\/vtc-electrique\/\" aria-describedby=\"woocommerce_loop_add_to_cart_link_describedby_1609\" data-quantity=\"1\" class=\"button product_type_variable add_to_cart_button\" data-product_id=\"1609\" data-product_sku=\"\" aria-label=\"S\u00e9lectionner les options pour &ldquo;VTC \u00e9lectrique&rdquo;\" rel=\"nofollow\">Choix des options<\/a>\t<span id=\"woocommerce_loop_add_to_cart_link_describedby_1609\" class=\"screen-reader-text\">\n\t\tCe produit a plusieurs variations. Les options peuvent \u00eatre choisies sur la page du produit\t<\/span>\n<\/li>\n<li class=\"product type-product post-1606 status-publish instock product_cat-vae product_cat-vtt has-post-thumbnail shipping-taxable purchasable product-type-variable\">\n\t<a href=\"https:\/\/www.leslocationsdumarais.fr\/index.php\/produit\/vtt-electrique\/\" class=\"woocommerce-LoopProduct-link woocommerce-loop-product__link\"><div class=\"archive-img-wrap\"><img loading=\"lazy\" decoding=\"async\" width=\"300\" height=\"300\" src=\"https:\/\/www.leslocationsdumarais.fr\/wp-content\/uploads\/2023\/06\/vtt_vae-300x300.png\" class=\"attachment-woocommerce_thumbnail size-woocommerce_thumbnail\" alt=\"VTT \u00e9lectrique\" srcset=\"https:\/\/www.leslocationsdumarais.fr\/wp-content\/uploads\/2023\/06\/vtt_vae-300x300.png 300w, https:\/\/www.leslocationsdumarais.fr\/wp-content\/uploads\/2023\/06\/vtt_vae-100x100.png 100w, https:\/\/www.leslocationsdumarais.fr\/wp-content\/uploads\/2023\/06\/vtt_vae-150x150.png 150w\" sizes=\"auto, (max-width: 300px) 100vw, 300px\" \/><\/div><h2 class=\"woocommerce-loop-product__title\">VTT \u00e9lectrique<\/h2>\n\t<span class=\"price\"><span class=\"woocommerce-Price-amount amount\" aria-hidden=\"true\"><bdi>25,00&nbsp;<span class=\"woocommerce-Price-currencySymbol\">&euro;<\/span><\/bdi><\/span> <span aria-hidden=\"true\">\u00a0\u2013\u00a0<\/span> <span class=\"woocommerce-Price-amount amount\" aria-hidden=\"true\"><bdi>30,00&nbsp;<span class=\"woocommerce-Price-currencySymbol\">&euro;<\/span><\/bdi><\/span><span class=\"screen-reader-text\">Plage de prix\u00a0: 25,00&nbsp;&euro; \u00e0 30,00&nbsp;&euro;<\/span><\/span>\n<\/a><a href=\"https:\/\/www.leslocationsdumarais.fr\/index.php\/produit\/vtt-electrique\/\" aria-describedby=\"woocommerce_loop_add_to_cart_link_describedby_1606\" data-quantity=\"1\" class=\"button product_type_variable add_to_cart_button\" data-product_id=\"1606\" data-product_sku=\"\" aria-label=\"S\u00e9lectionner les options pour &ldquo;VTT \u00e9lectrique&rdquo;\" rel=\"nofollow\">Choix des options<\/a>\t<span id=\"woocommerce_loop_add_to_cart_link_describedby_1606\" class=\"screen-reader-text\">\n\t\tCe produit a plusieurs variations. Les options peuvent \u00eatre choisies sur la page du produit\t<\/span>\n<\/li>\n<li class=\"product type-product post-1600 status-publish instock product_cat-traditionnel product_cat-vtc has-post-thumbnail shipping-taxable purchasable product-type-variable\">\n\t<a href=\"https:\/\/www.leslocationsdumarais.fr\/index.php\/produit\/vtc\/\" class=\"woocommerce-LoopProduct-link woocommerce-loop-product__link\"><div class=\"archive-img-wrap\"><img loading=\"lazy\" decoding=\"async\" width=\"300\" height=\"300\" src=\"https:\/\/www.leslocationsdumarais.fr\/wp-content\/uploads\/2023\/06\/vtc-300x300.png\" class=\"attachment-woocommerce_thumbnail size-woocommerce_thumbnail\" alt=\"VTC\" srcset=\"https:\/\/www.leslocationsdumarais.fr\/wp-content\/uploads\/2023\/06\/vtc-300x300.png 300w, https:\/\/www.leslocationsdumarais.fr\/wp-content\/uploads\/2023\/06\/vtc-100x100.png 100w, https:\/\/www.leslocationsdumarais.fr\/wp-content\/uploads\/2023\/06\/vtc-150x150.png 150w\" sizes=\"auto, (max-width: 300px) 100vw, 300px\" \/><\/div><h2 class=\"woocommerce-loop-product__title\">VTC<\/h2>\n\t<span class=\"price\"><span class=\"woocommerce-Price-amount amount\" aria-hidden=\"true\"><bdi>10,00&nbsp;<span class=\"woocommerce-Price-currencySymbol\">&euro;<\/span><\/bdi><\/span> <span aria-hidden=\"true\">\u00a0\u2013\u00a0<\/span> <span class=\"woocommerce-Price-amount amount\" aria-hidden=\"true\"><bdi>15,00&nbsp;<span class=\"woocommerce-Price-currencySymbol\">&euro;<\/span><\/bdi><\/span><span class=\"screen-reader-text\">Plage de prix\u00a0: 10,00&nbsp;&euro; \u00e0 15,00&nbsp;&euro;<\/span><\/span>\n<\/a><a href=\"https:\/\/www.leslocationsdumarais.fr\/index.php\/produit\/vtc\/\" aria-describedby=\"woocommerce_loop_add_to_cart_link_describedby_1600\" data-quantity=\"1\" class=\"button product_type_variable add_to_cart_button\" data-product_id=\"1600\" data-product_sku=\"\" aria-label=\"S\u00e9lectionner les options pour &ldquo;VTC&rdquo;\" rel=\"nofollow\">Choix des options<\/a>\t<span id=\"woocommerce_loop_add_to_cart_link_describedby_1600\" class=\"screen-reader-text\">\n\t\tCe produit a plusieurs variations. Les options peuvent \u00eatre choisies sur la page du produit\t<\/span>\n<\/li>\n<li class=\"product type-product post-1603 status-publish last instock product_cat-traditionnel product_cat-vtt has-post-thumbnail shipping-taxable purchasable product-type-variable\">\n\t<a href=\"https:\/\/www.leslocationsdumarais.fr\/index.php\/produit\/vtt\/\" class=\"woocommerce-LoopProduct-link woocommerce-loop-product__link\"><div class=\"archive-img-wrap\"><img loading=\"lazy\" decoding=\"async\" width=\"300\" height=\"300\" src=\"https:\/\/www.leslocationsdumarais.fr\/wp-content\/uploads\/2023\/06\/vtt_1-300x300.jpg\" class=\"attachment-woocommerce_thumbnail size-woocommerce_thumbnail\" alt=\"VTT\" srcset=\"https:\/\/www.leslocationsdumarais.fr\/wp-content\/uploads\/2023\/06\/vtt_1-300x300.jpg 300w, https:\/\/www.leslocationsdumarais.fr\/wp-content\/uploads\/2023\/06\/vtt_1-100x100.jpg 100w, https:\/\/www.leslocationsdumarais.fr\/wp-content\/uploads\/2023\/06\/vtt_1-150x150.jpg 150w\" sizes=\"auto, (max-width: 300px) 100vw, 300px\" \/><\/div><h2 class=\"woocommerce-loop-product__title\">VTT<\/h2>\n\t<span class=\"price\"><span class=\"woocommerce-Price-amount amount\" aria-hidden=\"true\"><bdi>10,00&nbsp;<span class=\"woocommerce-Price-currencySymbol\">&euro;<\/span><\/bdi><\/span> <span aria-hidden=\"true\">\u00a0\u2013\u00a0<\/span> <span class=\"woocommerce-Price-amount amount\" aria-hidden=\"true\"><bdi>15,00&nbsp;<span class=\"woocommerce-Price-currencySymbol\">&euro;<\/span><\/bdi><\/span><span class=\"screen-reader-text\">Plage de prix\u00a0: 10,00&nbsp;&euro; \u00e0 15,00&nbsp;&euro;<\/span><\/span>\n<\/a><a href=\"https:\/\/www.leslocationsdumarais.fr\/index.php\/produit\/vtt\/\" aria-describedby=\"woocommerce_loop_add_to_cart_link_describedby_1603\" data-quantity=\"1\" class=\"button product_type_variable add_to_cart_button\" data-product_id=\"1603\" data-product_sku=\"\" aria-label=\"S\u00e9lectionner les options pour &ldquo;VTT&rdquo;\" rel=\"nofollow\">Choix des options<\/a>\t<span id=\"woocommerce_loop_add_to_cart_link_describedby_1603\" class=\"screen-reader-text\">\n\t\tCe produit a plusieurs variations. Les options peuvent \u00eatre choisies sur la page du produit\t<\/span>\n<\/li>\n<li class=\"product type-product post-1596 status-publish first instock product_cat-enfant product_cat-traditionnel product_cat-vtt has-post-thumbnail shipping-taxable purchasable product-type-variable\">\n\t<a href=\"https:\/\/www.leslocationsdumarais.fr\/index.php\/produit\/vtt-enfant\/\" class=\"woocommerce-LoopProduct-link woocommerce-loop-product__link\"><div class=\"archive-img-wrap\"><img loading=\"lazy\" decoding=\"async\" width=\"300\" height=\"300\" src=\"https:\/\/www.leslocationsdumarais.fr\/wp-content\/uploads\/2023\/06\/vtt_enfant-1-scaled-1-300x300.webp\" class=\"attachment-woocommerce_thumbnail size-woocommerce_thumbnail\" alt=\"VTT enfant\" srcset=\"https:\/\/www.leslocationsdumarais.fr\/wp-content\/uploads\/2023\/06\/vtt_enfant-1-scaled-1-300x300.webp 300w, https:\/\/www.leslocationsdumarais.fr\/wp-content\/uploads\/2023\/06\/vtt_enfant-1-scaled-1-100x100.webp 100w, https:\/\/www.leslocationsdumarais.fr\/wp-content\/uploads\/2023\/06\/vtt_enfant-1-scaled-1-150x150.webp 150w\" sizes=\"auto, (max-width: 300px) 100vw, 300px\" \/><\/div><h2 class=\"woocommerce-loop-product__title\">VTT enfant<\/h2>\n\t<span class=\"price\"><span class=\"woocommerce-Price-amount amount\" aria-hidden=\"true\"><bdi>10,00&nbsp;<span class=\"woocommerce-Price-currencySymbol\">&euro;<\/span><\/bdi><\/span> <span aria-hidden=\"true\">\u00a0\u2013\u00a0<\/span> <span class=\"woocommerce-Price-amount amount\" aria-hidden=\"true\"><bdi>15,00&nbsp;<span class=\"woocommerce-Price-currencySymbol\">&euro;<\/span><\/bdi><\/span><span class=\"screen-reader-text\">Plage de prix\u00a0: 10,00&nbsp;&euro; \u00e0 15,00&nbsp;&euro;<\/span><\/span>\n<\/a><a href=\"https:\/\/www.leslocationsdumarais.fr\/index.php\/produit\/vtt-enfant\/\" aria-describedby=\"woocommerce_loop_add_to_cart_link_describedby_1596\" data-quantity=\"1\" class=\"button product_type_variable add_to_cart_button\" data-product_id=\"1596\" data-product_sku=\"\" aria-label=\"S\u00e9lectionner les options pour &ldquo;VTT enfant&rdquo;\" rel=\"nofollow\">Choix des options<\/a>\t<span id=\"woocommerce_loop_add_to_cart_link_describedby_1596\" class=\"screen-reader-text\">\n\t\tCe produit a plusieurs variations. Les options peuvent \u00eatre choisies sur la page du produit\t<\/span>\n<\/li>\n<li class=\"product type-product post-1594 status-publish instock product_cat-traditionnel has-post-thumbnail shipping-taxable purchasable product-type-variable has-default-attributes\">\n\t<a href=\"https:\/\/www.leslocationsdumarais.fr\/index.php\/produit\/tandem\/\" class=\"woocommerce-LoopProduct-link woocommerce-loop-product__link\"><div class=\"archive-img-wrap\"><img loading=\"lazy\" decoding=\"async\" width=\"300\" height=\"300\" src=\"https:\/\/www.leslocationsdumarais.fr\/wp-content\/uploads\/2023\/06\/tandem-1-scaled-1-300x300.webp\" class=\"attachment-woocommerce_thumbnail size-woocommerce_thumbnail\" alt=\"Tandem\" srcset=\"https:\/\/www.leslocationsdumarais.fr\/wp-content\/uploads\/2023\/06\/tandem-1-scaled-1-300x300.webp 300w, https:\/\/www.leslocationsdumarais.fr\/wp-content\/uploads\/2023\/06\/tandem-1-scaled-1-100x100.webp 100w, https:\/\/www.leslocationsdumarais.fr\/wp-content\/uploads\/2023\/06\/tandem-1-scaled-1-150x150.webp 150w\" sizes=\"auto, (max-width: 300px) 100vw, 300px\" \/><\/div><h2 class=\"woocommerce-loop-product__title\">Tandem<\/h2>\n\t<span class=\"price\"><span class=\"woocommerce-Price-amount amount\"><bdi>30,00&nbsp;<span class=\"woocommerce-Price-currencySymbol\">&euro;<\/span><\/bdi><\/span><\/span>\n<\/a><a href=\"https:\/\/www.leslocationsdumarais.fr\/index.php\/produit\/tandem\/\" aria-describedby=\"woocommerce_loop_add_to_cart_link_describedby_1594\" data-quantity=\"1\" class=\"button product_type_variable add_to_cart_button\" data-product_id=\"1594\" data-product_sku=\"\" aria-label=\"S\u00e9lectionner les options pour &ldquo;Tandem&rdquo;\" rel=\"nofollow\">Choix des options<\/a>\t<span id=\"woocommerce_loop_add_to_cart_link_describedby_1594\" class=\"screen-reader-text\">\n\t\tCe produit a plusieurs variations. Les options peuvent \u00eatre choisies sur la page du produit\t<\/span>\n<\/li>\n<li class=\"product type-product post-1599 status-publish instock product_cat-accessoire has-post-thumbnail shipping-taxable purchasable product-type-simple\">\n\t<a href=\"https:\/\/www.leslocationsdumarais.fr\/index.php\/produit\/remorque\/\" class=\"woocommerce-LoopProduct-link woocommerce-loop-product__link\"><div class=\"archive-img-wrap\"><img loading=\"lazy\" decoding=\"async\" width=\"300\" height=\"300\" src=\"https:\/\/www.leslocationsdumarais.fr\/wp-content\/uploads\/2023\/06\/remorque-1-scaled-1-300x300.webp\" class=\"attachment-woocommerce_thumbnail size-woocommerce_thumbnail\" alt=\"Remorque\" srcset=\"https:\/\/www.leslocationsdumarais.fr\/wp-content\/uploads\/2023\/06\/remorque-1-scaled-1-300x300.webp 300w, https:\/\/www.leslocationsdumarais.fr\/wp-content\/uploads\/2023\/06\/remorque-1-scaled-1-100x100.webp 100w, https:\/\/www.leslocationsdumarais.fr\/wp-content\/uploads\/2023\/06\/remorque-1-scaled-1-150x150.webp 150w\" sizes=\"auto, (max-width: 300px) 100vw, 300px\" \/><\/div><h2 class=\"woocommerce-loop-product__title\">Remorque<\/h2>\n\t<span class=\"price\"><span class=\"woocommerce-Price-amount amount\"><bdi>10,00&nbsp;<span class=\"woocommerce-Price-currencySymbol\">&euro;<\/span><\/bdi><\/span><\/span>\n<\/a><a href=\"\/index.php\/wp-json\/wp\/v2\/pages\/1284?add-to-cart=1599\" aria-describedby=\"woocommerce_loop_add_to_cart_link_describedby_1599\" data-quantity=\"1\" class=\"button product_type_simple add_to_cart_button ajax_add_to_cart\" data-product_id=\"1599\" data-product_sku=\"\" aria-label=\"Ajouter au panier\u00a0: &ldquo;Remorque&rdquo;\" rel=\"nofollow\" data-success_message=\"\u00ab\u00a0Remorque\u00a0\u00bb a \u00e9t\u00e9 ajout\u00e9 \u00e0 votre panier\">Ajouter au panier<\/a>\t<span id=\"woocommerce_loop_add_to_cart_link_describedby_1599\" class=\"screen-reader-text\">\n\t\t\t<\/span>\n<\/li>\n<li class=\"product type-product post-1593 status-publish last instock product_cat-accessoire product_cat-enfant has-post-thumbnail shipping-taxable purchasable product-type-simple\">\n\t<a href=\"https:\/\/www.leslocationsdumarais.fr\/index.php\/produit\/siege-enfant\/\" class=\"woocommerce-LoopProduct-link woocommerce-loop-product__link\"><div class=\"archive-img-wrap\"><img loading=\"lazy\" decoding=\"async\" width=\"300\" height=\"300\" src=\"https:\/\/www.leslocationsdumarais.fr\/wp-content\/uploads\/2023\/06\/siege_enfant-1-scaled-1-300x300.webp\" class=\"attachment-woocommerce_thumbnail size-woocommerce_thumbnail\" alt=\"Si\u00e8ge enfant\" srcset=\"https:\/\/www.leslocationsdumarais.fr\/wp-content\/uploads\/2023\/06\/siege_enfant-1-scaled-1-300x300.webp 300w, https:\/\/www.leslocationsdumarais.fr\/wp-content\/uploads\/2023\/06\/siege_enfant-1-scaled-1-100x100.webp 100w, https:\/\/www.leslocationsdumarais.fr\/wp-content\/uploads\/2023\/06\/siege_enfant-1-scaled-1-150x150.webp 150w\" sizes=\"auto, (max-width: 300px) 100vw, 300px\" \/><\/div><h2 class=\"woocommerce-loop-product__title\">Si\u00e8ge enfant<\/h2>\n\t<span class=\"price\"><span class=\"woocommerce-Price-amount amount\"><bdi>10,00&nbsp;<span class=\"woocommerce-Price-currencySymbol\">&euro;<\/span><\/bdi><\/span><\/span>\n<\/a><a href=\"\/index.php\/wp-json\/wp\/v2\/pages\/1284?add-to-cart=1593\" aria-describedby=\"woocommerce_loop_add_to_cart_link_describedby_1593\" data-quantity=\"1\" class=\"button product_type_simple add_to_cart_button ajax_add_to_cart\" data-product_id=\"1593\" data-product_sku=\"\" aria-label=\"Ajouter au panier\u00a0: &ldquo;Si\u00e8ge enfant&rdquo;\" rel=\"nofollow\" data-success_message=\"\u00ab\u00a0Si\u00e8ge enfant\u00a0\u00bb a \u00e9t\u00e9 ajout\u00e9 \u00e0 votre panier\">Ajouter au panier<\/a>\t<span id=\"woocommerce_loop_add_to_cart_link_describedby_1593\" class=\"screen-reader-text\">\n\t\t\t<\/span>\n<\/li>\n<\/ul>\n<\/div>\n\n\n\n<div class=\"wp-block-group alignfull has-white-color has-text-color has-background\" style=\"background-color:#26d1a4\"><div class=\"wp-block-group__inner-container is-layout-flow wp-block-group-is-layout-flow\">\n<div style=\"height:30px\" aria-hidden=\"true\" class=\"wp-block-spacer\"><\/div>\n\n\n\n<div class=\"wp-block-columns alignwide is-layout-flex wp-container-core-columns-is-layout-9d6595d7 wp-block-columns-is-layout-flex\">\n<div class=\"wp-block-column is-layout-flow wp-block-column-is-layout-flow\">\n<h2 class=\"wp-block-heading has-text-align-center\" style=\"text-transform:uppercase\">\u00e0 voir \u00e9galement<\/h2>\n\n\n\n<p class=\"has-text-align-center liens-speciaux\" style=\"font-size:16px\"><a href=\"https:\/\/www.leslocationsducanal.fr\/\">Les Locations du Canal<\/a><br><a rel=\"noreferrer noopener\" href=\"https:\/\/www.somme-tourisme.com\/\" target=\"_blank\">Somme Tourisme<\/a><br><a href=\"https:\/\/www.normandie-tourisme.fr\/\">Normandie Tourisme<\/a><br><a rel=\"noreferrer noopener\" href=\"https:\/\/www.tourisme-baiedesomme.fr\/\" target=\"_blank\">L&rsquo;Office de Tourisme de la Baie de Somme<\/a><br><a rel=\"noreferrer noopener\" href=\"https:\/\/www.destination-letreport-mers.fr\/\" target=\"_blank\">Destination Le Tr\u00e9port-Mers<\/a><br><a rel=\"noreferrer noopener\" href=\"https:\/\/www.chemindefer-baiedesomme.fr\/\" target=\"_blank\">Chemin de Fer de la Baie de Somme<\/a><\/p>\n<\/div>\n\n\n\n<div class=\"wp-block-column is-layout-flow wp-block-column-is-layout-flow\">\n<h2 class=\"wp-block-heading has-text-align-center\" style=\"text-transform:uppercase\">liens utiles<\/h2>\n\n\n\n<p class=\"has-text-align-center liens-speciaux\"><a href=\"https:\/\/www.leslocationsdumarais.fr\/index.php\/conditions-generales\/\" data-type=\"page\" data-id=\"1563\" target=\"_blank\" rel=\"noreferrer noopener\">Conditions g\u00e9n\u00e9rales<\/a><br><a href=\"https:\/\/www.leslocationsdumarais.fr\/index.php\/mentions-legales\/\" data-type=\"page\" data-id=\"1561\" target=\"_blank\" rel=\"noreferrer noopener\">Mentions l\u00e9gales<\/a><\/p>\n<\/div>\n<\/div>\n\n\n\n<div style=\"height:30px\" aria-hidden=\"true\" class=\"wp-block-spacer\"><\/div>\n<\/div><\/div>\n","protected":false},"excerpt":{"rendered":"<p>\u00e0 voir \u00e9galement Les Locations du CanalSomme TourismeNormandie TourismeL&rsquo;Office de Tourisme de la Baie de SommeDestination Le Tr\u00e9port-MersChemin de Fer de la Baie de Somme liens utiles Conditions g\u00e9n\u00e9ralesMentions l\u00e9gales<\/p>\n","protected":false},"author":1,"featured_media":0,"parent":0,"menu_order":0,"comment_status":"closed","ping_status":"closed","template":"","meta":{"footnotes":""},"class_list":["post-1284","page","type-page","status-publish","hentry"],"_links":{"self":[{"href":"https:\/\/www.leslocationsdumarais.fr\/index.php\/wp-json\/wp\/v2\/pages\/1284","targetHints":{"allow":["GET"]}}],"collection":[{"href":"https:\/\/www.leslocationsdumarais.fr\/index.php\/wp-json\/wp\/v2\/pages"}],"about":[{"href":"https:\/\/www.leslocationsdumarais.fr\/index.php\/wp-json\/wp\/v2\/types\/page"}],"author":[{"embeddable":true,"href":"https:\/\/www.leslocationsdumarais.fr\/index.php\/wp-json\/wp\/v2\/users\/1"}],"replies":[{"embeddable":true,"href":"https:\/\/www.leslocationsdumarais.fr\/index.php\/wp-json\/wp\/v2\/comments?post=1284"}],"version-history":[{"count":5,"href":"https:\/\/www.leslocationsdumarais.fr\/index.php\/wp-json\/wp\/v2\/pages\/1284\/revisions"}],"predecessor-version":[{"id":1811,"href":"https:\/\/www.leslocationsdumarais.fr\/index.php\/wp-json\/wp\/v2\/pages\/1284\/revisions\/1811"}],"wp:attachment":[{"href":"https:\/\/www.leslocationsdumarais.fr\/index.php\/wp-json\/wp\/v2\/media?parent=1284"}],"curies":[{"name":"wp","href":"https:\/\/api.w.org\/{rel}","templated":true}]}}